[INFO] cloning repository https://github.com/Fila1982/Block
[INFO] running `Command { std: "git" "-c" "credential.helper=" "-c" "credential.helper=/workspace/cargo-home/bin/git-credential-null" "clone" "--bare" "https://github.com/Fila1982/Block" "/workspace/cache/git-repos/https%3A%2F%2Fgithub.com%2FFila1982%2FBlock", kill_on_drop: false }`
[INFO] [stderr] Cloning into bare repository '/workspace/cache/git-repos/https%3A%2F%2Fgithub.com%2FFila1982%2FBlock'...
[INFO] running `Command { std: "git" "rev-parse" "HEAD", kill_on_drop: false }`
[INFO] [stdout] 09cf6de1d143ffbe007478372dc573213e06804d
[INFO] checking Fila1982/Block against try#72f88fc4e9458f89516a0b8b0868f3718aec5b47 for pr-74989
[INFO] running `Command { std: "git" "clone" "/workspace/cache/git-repos/https%3A%2F%2Fgithub.com%2FFila1982%2FBlock" "/workspace/builds/worker-10/source", kill_on_drop: false }`
[INFO] [stderr] Cloning into '/workspace/builds/worker-10/source'...
[INFO] [stderr] done.
[INFO] validating manifest of git repo https://github.com/Fila1982/Block on toolchain 72f88fc4e9458f89516a0b8b0868f3718aec5b47
[INFO] running `Command { std: "/workspace/cargo-home/bin/cargo" "+72f88fc4e9458f89516a0b8b0868f3718aec5b47" "read-manifest" "--manifest-path" "Cargo.toml", kill_on_drop: false }`
[INFO] removed /workspace/builds/worker-10/source/.cargo/config
[INFO] started tweaking git repo https://github.com/Fila1982/Block
[INFO] removed workspace from git repo https://github.com/Fila1982/Block
[INFO] removed path dependency grin_api from git repo https://github.com/Fila1982/Block
[INFO] removed path dependency grin_config from git repo https://github.com/Fila1982/Block
[INFO] removed path dependency grin_core from git repo https://github.com/Fila1982/Block
[INFO] removed path dependency grin_keychain from git repo https://github.com/Fila1982/Block
[INFO] removed path dependency grin_p2p from git repo https://github.com/Fila1982/Block
[INFO] removed path dependency grin_servers from git repo https://github.com/Fila1982/Block
[INFO] removed path dependency grin_util from git repo https://github.com/Fila1982/Block
[INFO] removed path dependency grin_chain from git repo https://github.com/Fila1982/Block
[INFO] removed path dependency grin_store from git repo https://github.com/Fila1982/Block
[INFO] finished tweaking git repo https://github.com/Fila1982/Block
[INFO] tweaked toml for git repo https://github.com/Fila1982/Block written to /workspace/builds/worker-10/source/Cargo.toml
[INFO] crate git repo https://github.com/Fila1982/Block already has a lockfile, it will not be regenerated
[INFO] running `Command { std: "/workspace/cargo-home/bin/cargo" "+72f88fc4e9458f89516a0b8b0868f3718aec5b47" "fetch" "--locked" "--manifest-path" "Cargo.toml", kill_on_drop: false }`
[INFO] [stderr]     Blocking waiting for file lock on package cache
[INFO] [stderr]     Updating crates.io index
[INFO] [stderr] error: the lock file /workspace/builds/worker-10/source/Cargo.lock needs to be updated but --locked was passed to prevent this
[INFO] [stderr] If you want to try to generate the lock file without accessing the network, use the --offline flag.
[INFO] the lockfile is outdated, regenerating it
[INFO] running `Command { std: "/workspace/cargo-home/bin/cargo" "+72f88fc4e9458f89516a0b8b0868f3718aec5b47" "generate-lockfile" "--manifest-path" "Cargo.toml" "-Zno-index-update", kill_on_drop: false }`
[INFO] [stderr]     Blocking waiting for file lock on package cache
[INFO] running `Command { std: "/workspace/cargo-home/bin/cargo" "+72f88fc4e9458f89516a0b8b0868f3718aec5b47" "fetch" "--locked" "--manifest-path" "Cargo.toml", kill_on_drop: false }`
[INFO] [stderr]     Blocking waiting for file lock on package cache
[INFO] [stderr]  Downloading crates ...
[INFO] [stderr]   Downloaded zip v0.5.8
[INFO] [stderr]   Downloaded term_size v0.3.2
[INFO] [stderr]   Downloaded array-macro v1.0.3
[INFO] [stderr]   Downloaded enum-map-internals v0.1.3
[INFO] [stderr]   Downloaded cursive v0.12.0
[INFO] [stderr]   Downloaded ct-logs v0.4.0
[INFO] [stderr]   Downloaded sct v0.4.0
[INFO] [stderr]   Downloaded enumset_derive v0.4.4
[INFO] [stderr]   Downloaded ripemd160 v0.7.0
[INFO] [stderr]   Downloaded enum-map v0.5.0
[INFO] [stderr]   Downloaded clang-sys v0.23.0
[INFO] [stderr]   Downloaded bindgen v0.37.4
[INFO] [stderr]   Downloaded rustls v0.13.1
[INFO] [stderr]   Downloaded lmdb-zero v0.4.4
[INFO] [stderr]   Downloaded liblmdb-sys v0.2.2
[INFO] [stderr]   Downloaded webpki v0.18.1
[INFO] [stderr]   Downloaded grin_secp256k1zkp v0.7.9
[INFO] [stderr]   Downloaded arc-swap v0.3.11
[INFO] [stderr]   Downloaded zeroize_derive v0.9.3
[INFO] [stderr]   Downloaded tokio-rustls v0.7.2
[INFO] [stderr]   Downloaded thread-id v3.3.0
[INFO] [stderr]   Downloaded tokio-io-timeout v0.3.1
[INFO] [stderr]   Downloaded odds v0.2.26
[INFO] [stderr]   Downloaded webpki-roots v0.15.0
[INFO] [stderr]   Downloaded enumset v0.4.5
[INFO] [stderr]   Downloaded hyper-rustls v0.14.0
[INFO] [stderr]   Downloaded log4rs v0.8.3
[INFO] [stderr]   Downloaded zeroize v0.9.3
[INFO] [stderr]   Downloaded grin_util v2.1.0
[INFO] [stderr]   Downloaded grin_config v2.1.0
[INFO] [stderr]   Downloaded croaring v0.3.9
[INFO] [stderr]   Downloaded arrayvec v0.3.25
[INFO] [stderr]   Downloaded grin_p2p v2.1.0
[INFO] [stderr]   Downloaded grin_pool v2.1.0
[INFO] [stderr]   Downloaded grin_keychain v2.1.0
[INFO] [stderr]   Downloaded grin_chain v2.1.0
[INFO] [stderr]   Downloaded grin_servers v2.1.0
[INFO] [stderr]   Downloaded grin_store v2.1.0
[INFO] [stderr]   Downloaded supercow v0.1.0
[INFO] [stderr]   Downloaded grin_api v2.1.0
[INFO] [stderr]   Downloaded grin_core v2.1.0
[INFO] [stderr]   Downloaded hyper-timeout v0.2.0
[INFO] [stderr]   Downloaded croaring-sys v0.3.9
[INFO] running `Command { std: "docker" "create" "-v" "/var/lib/crater-agent-workspace/builds/worker-10/target:/opt/rustwide/target:rw,Z" "-v" "/var/lib/crater-agent-workspace/builds/worker-10/source:/opt/rustwide/workdir:ro,Z" "-v" "/var/lib/crater-agent-workspace/cargo-home:/opt/rustwide/cargo-home:ro,Z" "-v" "/var/lib/crater-agent-workspace/rustup-home:/opt/rustwide/rustup-home:ro,Z" "-e" "SOURCE_DIR=/opt/rustwide/workdir" "-e" "CARGO_TARGET_DIR=/opt/rustwide/target" "-e" "CARGO_HOME=/opt/rustwide/cargo-home" "-e" "RUSTUP_HOME=/opt/rustwide/rustup-home" "-w" "/opt/rustwide/workdir" "-m" "1610612736" "--user" "0:0" "--network" "none" "rustops/crates-build-env@sha256:d92eaeed33fa75130ca1ee6c8a01d1ffb62bac859dfdfb3450e3e5d1c0146529" "/opt/rustwide/cargo-home/bin/cargo" "+72f88fc4e9458f89516a0b8b0868f3718aec5b47" "metadata" "--no-deps" "--format-version=1", kill_on_drop: false }`
[INFO] [stdout] 463fe0c8b51362511f10bbb7b77d33b694b87a3ece72437bdec33b94e04d4399
[INFO] [stderr] WARNING: Your kernel does not support swap limit capabilities or the cgroup is not mounted. Memory limited without swap.
[INFO] running `Command { std: "docker" "start" "-a" "463fe0c8b51362511f10bbb7b77d33b694b87a3ece72437bdec33b94e04d4399", kill_on_drop: false }`
[INFO] running `Command { std: "docker" "inspect" "463fe0c8b51362511f10bbb7b77d33b694b87a3ece72437bdec33b94e04d4399", kill_on_drop: false }`
[INFO] running `Command { std: "docker" "rm" "-f" "463fe0c8b51362511f10bbb7b77d33b694b87a3ece72437bdec33b94e04d4399", kill_on_drop: false }`
[INFO] [stdout] 463fe0c8b51362511f10bbb7b77d33b694b87a3ece72437bdec33b94e04d4399
[INFO] running `Command { std: "docker" "create" "-v" "/var/lib/crater-agent-workspace/builds/worker-10/target:/opt/rustwide/target:rw,Z" "-v" "/var/lib/crater-agent-workspace/builds/worker-10/source:/opt/rustwide/workdir:ro,Z" "-v" "/var/lib/crater-agent-workspace/cargo-home:/opt/rustwide/cargo-home:ro,Z" "-v" "/var/lib/crater-agent-workspace/rustup-home:/opt/rustwide/rustup-home:ro,Z" "-e" "SOURCE_DIR=/opt/rustwide/workdir" "-e" "CARGO_TARGET_DIR=/opt/rustwide/target" "-e" "CARGO_INCREMENTAL=0" "-e" "RUST_BACKTRACE=full" "-e" "RUSTFLAGS=--cap-lints=forbid" "-e" "CARGO_HOME=/opt/rustwide/cargo-home" "-e" "RUSTUP_HOME=/opt/rustwide/rustup-home" "-w" "/opt/rustwide/workdir" "-m" "1610612736" "--user" "0:0" "--network" "none" "rustops/crates-build-env@sha256:d92eaeed33fa75130ca1ee6c8a01d1ffb62bac859dfdfb3450e3e5d1c0146529" "/opt/rustwide/cargo-home/bin/cargo" "+72f88fc4e9458f89516a0b8b0868f3718aec5b47" "check" "--frozen" "--all" "--all-targets" "--message-format=json", kill_on_drop: false }`
[INFO] [stdout] ad7593d6cb034ddc990b76095371fce52f96d00fbe710d1c03631586d638d3a0
[INFO] [stderr] WARNING: Your kernel does not support swap limit capabilities or the cgroup is not mounted. Memory limited without swap.
[INFO] running `Command { std: "docker" "start" "-a" "ad7593d6cb034ddc990b76095371fce52f96d00fbe710d1c03631586d638d3a0", kill_on_drop: false }`
[INFO] [stderr]    Compiling libc v0.2.77
[INFO] [stderr]    Compiling autocfg v1.0.1
[INFO] [stderr]    Compiling proc-macro2 v1.0.21
[INFO] [stderr]    Compiling unicode-xid v0.2.1
[INFO] [stderr]    Compiling serde_derive v1.0.116
[INFO] [stderr]     Checking cfg-if v0.1.10
[INFO] [stderr]    Compiling serde v1.0.116
[INFO] [stderr]     Checking lazy_static v1.4.0
[INFO] [stderr]    Compiling byteorder v1.3.4
[INFO] [stderr]    Compiling maybe-uninit v2.0.0
[INFO] [stderr]     Checking futures v0.1.29
[INFO] [stderr]     Checking fnv v1.0.7
[INFO] [stderr]    Compiling bitflags v1.2.1
[INFO] [stderr]    Compiling memchr v2.3.3
[INFO] [stderr]     Checking slab v0.4.2
[INFO] [stderr]     Checking itoa v0.4.6
[INFO] [stderr]     Checking scopeguard v1.1.0
[INFO] [stderr]    Compiling unicode-width v0.1.8
[INFO] [stderr]     Checking adler v0.2.3
[INFO] [stderr]    Compiling quick-error v1.2.3
[INFO] [stderr]    Compiling ryu v1.0.5
[INFO] [stderr]     Checking safemem v0.3.3
[INFO] [stderr]    Compiling crc32fast v1.2.0
[INFO] [stderr]    Compiling serde_json v1.0.57
[INFO] [stderr]     Checking nodrop v0.1.14
[INFO] [stderr]    Compiling termcolor v1.1.0
[INFO] [stderr]    Compiling ansi_term v0.11.0
[INFO] [stderr]    Compiling yaml-rust v0.3.5
[INFO] [stderr]    Compiling vec_map v0.8.2
[INFO] [stderr]    Compiling strsim v0.8.0
[INFO] [stderr]    Compiling getrandom v0.1.15
[INFO] [stderr]     Checking traitobject v0.1.0
[INFO] [stderr]    Compiling peeking_take_while v0.1.2
[INFO] [stderr]     Checking gimli v0.22.0
[INFO] [stderr]     Checking byte-tools v0.2.0
[INFO] [stderr]     Checking constant_time_eq v0.1.5
[INFO] [stderr]     Checking rustc-demangle v0.1.16
[INFO] [stderr]     Checking odds v0.2.26
[INFO] [stderr]     Checking object v0.20.0
[INFO] [stderr]     Checking dtoa v0.4.6
[INFO] [stderr]     Checking untrusted v0.6.2
[INFO] [stderr]    Compiling failure_derive v0.1.8
[INFO] [stderr]     Checking antidote v1.0.0
[INFO] [stderr]     Checking fake-simd v0.1.2
[INFO] [stderr]     Checking ppv-lite86 v0.2.9
[INFO] [stderr]    Compiling httparse v1.3.4
[INFO] [stderr]     Checking bitflags v0.9.1
[INFO] [stderr]     Checking supercow v0.1.0
[INFO] [stderr]     Checking hashbrown v0.9.0
[INFO] [stderr]    Compiling tinyvec v0.3.4
[INFO] [stderr]     Checking try-lock v0.2.3
[INFO] [stderr]    Compiling strsim v0.9.3
[INFO] [stderr]    Compiling ident_case v1.0.1
[INFO] [stderr]     Checking matches v0.1.8
[INFO] [stderr]     Checking array-macro v1.0.3
[INFO] [stderr]    Compiling nix v0.17.0
[INFO] [stderr]     Checking arc-swap v0.4.7
[INFO] [stderr]     Checking void v1.0.2
[INFO] [stderr]     Checking xi-unicode v0.1.0
[INFO] [stderr]     Checking hashbrown v0.3.1
[INFO] [stderr]     Checking unicode-segmentation v1.6.0
[INFO] [stderr]     Checking maplit v1.0.2
[INFO] [stderr]    Compiling proc-macro2 v0.3.5
[INFO] [stderr]     Checking itertools v0.7.11
[INFO] [stderr]     Checking rand_core v0.3.1
[INFO] [stderr]    Compiling rand v0.6.5
[INFO] [stderr]     Checking thread_local v1.0.1
[INFO] [stderr]     Checking crossbeam-utils v0.6.6
[INFO] [stderr]    Compiling clang-sys v0.23.0
[INFO] [stderr]     Checking lock_api v0.3.4
[INFO] [stderr]     Checking lru-cache v0.1.2
[INFO] [stderr]    Compiling textwrap v0.11.0
[INFO] [stderr]    Compiling humantime v1.3.0
[INFO] [stderr]     Checking unsafe-any v0.4.2
[INFO] [stderr]     Checking block-buffer v0.3.3
[INFO] [stderr]    Compiling liblmdb-sys v0.2.2
[INFO] [stderr]    Compiling num-traits v0.2.12
[INFO] [stderr]    Compiling num-integer v0.1.43
[INFO] [stderr]    Compiling crossbeam-utils v0.7.2
[INFO] [stderr]    Compiling miniz_oxide v0.4.2
[INFO] [stderr]    Compiling memoffset v0.5.5
[INFO] [stderr]    Compiling crossbeam-epoch v0.8.2
[INFO] [stderr]    Compiling num-bigint v0.2.6
[INFO] [stderr]    Compiling num-iter v0.1.41
[INFO] [stderr]    Compiling num-rational v0.2.4
[INFO] [stderr]    Compiling num-complex v0.2.4
[INFO] [stderr]    Compiling indexmap v1.6.0
[INFO] [stderr]     Checking arrayvec v0.3.25
[INFO] [stderr]     Checking unicode-bidi v0.3.4
[INFO] [stderr]     Checking enum-map-internals v0.1.3
[INFO] [stderr]    Compiling unicode-normalization v0.1.13
[INFO] [stderr]    Compiling proc-macro2 v0.4.30
[INFO] [stderr]     Checking rand_xorshift v0.1.1
[INFO] [stderr]     Checking rand_isaac v0.1.1
[INFO] [stderr]     Checking rand_hc v0.1.0
[INFO] [stderr]     Checking tokio-sync v0.1.8
[INFO] [stderr]     Checking tokio-service v0.1.0
[INFO] [stderr]     Checking lock_api v0.1.5
[INFO] [stderr]     Checking arrayvec v0.4.12
[INFO] [stderr]     Checking crossbeam-channel v0.3.9
[INFO] [stderr]     Checking typemap v0.3.3
[INFO] [stderr]    Compiling quote v0.5.2
[INFO] [stderr]    Compiling parking_lot_core v0.6.2
[INFO] [stderr]    Compiling parking_lot v0.9.0
[INFO] [stderr]    Compiling parking_lot_core v0.3.1
[INFO] [stderr]    Compiling hyper v0.12.35
[INFO] [stderr]     Checking rand_chacha v0.1.1
[INFO] [stderr]     Checking generic-array v0.9.0
[INFO] [stderr]     Checking smallvec v0.6.13
[INFO] [stderr]     Checking aho-corasick v0.7.13
[INFO] [stderr]    Compiling quote v0.6.13
[INFO] [stderr]    Compiling bindgen v0.37.4
[INFO] [stderr]     Checking blake2-rfc v0.2.18
[INFO] [stderr]     Checking base64 v0.9.3
[INFO] [stderr]    Compiling quote v1.0.7
[INFO] [stderr]    Compiling idna v0.2.0
[INFO] [stderr]     Checking idna v0.1.5
[INFO] [stderr]     Checking digest v0.7.6
[INFO] [stderr]     Checking crypto-mac v0.6.2
[INFO] [stderr]     Checking addr2line v0.13.0
[INFO] [stderr]    Compiling syn v0.15.44
[INFO] [stderr]     Checking tokio-executor v0.1.10
[INFO] [stderr]     Checking crossbeam-queue v0.2.3
[INFO] [stderr]    Compiling syn v1.0.40
[INFO] [stderr]     Checking hmac v0.6.3
[INFO] [stderr]     Checking sha2 v0.7.1
[INFO] [stderr]     Checking ripemd160 v0.7.0
[INFO] [stderr]    Compiling jobserver v0.1.21
[INFO] [stderr]    Compiling memchr v1.0.2
[INFO] [stderr]    Compiling atty v0.2.14
[INFO] [stderr]    Compiling which v1.0.5
[INFO] [stderr]    Compiling time v0.1.44
[INFO] [stderr]     Checking tokio-timer v0.2.13
[INFO] [stderr]     Checking tokio-current-thread v0.1.7
[INFO] [stderr]     Checking url v1.7.2
[INFO] [stderr]     Checking iovec v0.1.4
[INFO] [stderr]     Checking num_cpus v1.13.0
[INFO] [stderr]     Checking net2 v0.2.35
[INFO] [stderr]     Checking rand v0.5.6
[INFO] [stderr]     Checking rand v0.4.6
[INFO] [stderr]     Checking backtrace v0.3.50
[INFO] [stderr]     Checking rand_os v0.1.3
[INFO] [stderr]     Checking flate2 v1.0.17
[INFO] [stderr]     Checking thread-id v3.3.0
[INFO] [stderr]     Checking memmap v0.7.0
[INFO] [stderr]     Checking dirs v1.0.5
[INFO] [stderr]     Checking signal-hook-registry v1.2.1
[INFO] [stderr]     Checking fs2 v0.4.3
[INFO] [stderr]     Checking term_size v0.3.2
[INFO] [stderr]     Checking crossbeam-deque v0.7.3
[INFO] [stderr]    Compiling clap v2.33.3
[INFO] [stderr]    Compiling url v2.1.1
[INFO] [stderr]    Compiling nom v3.2.1
[INFO] [stderr]    Compiling cc v1.0.59
[INFO] [stderr]     Checking regex v1.3.9
[INFO] [stderr]     Checking bytes v0.4.12
[INFO] [stderr]     Checking futures-cpupool v0.1.8
[INFO] [stderr]     Checking ordered-float v1.1.0
[INFO] [stderr]     Checking num-traits v0.1.43
[INFO] [stderr]     Checking num-complex v0.1.43
[INFO] [stderr]     Checking rand_core v0.5.1
[INFO] [stderr]     Checking term v0.5.2
[INFO] [stderr]     Checking signal-hook v0.1.16
[INFO] [stderr]     Checking pbkdf2 v0.2.3
[INFO] [stderr]     Checking enum_primitive v0.1.1
[INFO] [stderr]     Checking http v0.1.21
[INFO] [stderr]     Checking tokio-buf v0.1.1
[INFO] [stderr]     Checking string v0.2.1
[INFO] [stderr]     Checking num-bigint v0.1.44
[INFO] [stderr]     Checking lmdb-zero v0.4.4
[INFO] [stderr]     Checking rand_chacha v0.2.2
[INFO] [stderr]     Checking parking_lot v0.6.4
[INFO] [stderr]    Compiling cexpr v0.2.3
[INFO] [stderr]     Checking rand v0.7.3
[INFO] [stderr]     Checking num-rational v0.1.42
[INFO] [stderr]    Compiling synstructure v0.10.2
[INFO] [stderr]    Compiling libloading v0.5.2
[INFO] [stderr]    Compiling grin_secp256k1zkp v0.7.9
[INFO] [stderr]    Compiling ring v0.13.5
[INFO] [stderr]    Compiling libz-sys v1.1.2
[INFO] [stderr]    Compiling libgit2-sys v0.9.2
[INFO] [stderr]    Compiling ncurses v5.99.0
[INFO] [stderr]     Checking num v0.1.42
[INFO] [stderr]     Checking tempfile v3.1.0
[INFO] [stderr]     Checking num v0.2.1
[INFO] [stderr]     Checking ctrlc v3.1.6
[INFO] [stderr]     Checking http-body v0.1.0
[INFO] [stderr]    Compiling zeroize_derive v0.9.3
[INFO] [stderr]     Checking zeroize v0.9.3
[INFO] [stderr]    Compiling synstructure v0.12.4
[INFO] [stderr]    Compiling darling_core v0.10.2
[INFO] [stderr]     Checking webpki v0.18.1
[INFO] [stderr]     Checking sct v0.4.0
[INFO] [stderr]     Checking ct-logs v0.4.0
[INFO] [stderr]     Checking webpki-roots v0.15.0
[INFO] [stderr]    Compiling thiserror-impl v1.0.20
[INFO] [stderr]    Compiling enum-map-derive v0.4.3
[INFO] [stderr]    Compiling darling_macro v0.10.2
[INFO] [stderr]     Checking failure v0.1.8
[INFO] [stderr]     Checking enum-map v0.5.0
[INFO] [stderr]    Compiling darling v0.10.2
[INFO] [stderr]     Checking thiserror v1.0.20
[INFO] [stderr]    Compiling enumset_derive v0.4.4
[INFO] [stderr]     Checking zip v0.5.8
[INFO] [stderr]     Checking enumset v0.4.5
[INFO] [stderr]    Compiling log v0.4.11
[INFO] [stderr]    Compiling toml v0.5.6
[INFO] [stderr]    Compiling chrono v0.4.15
[INFO] [stderr]     Checking serde-value v0.5.3
[INFO] [stderr]     Checking serde_yaml v0.8.13
[INFO] [stderr]     Checking uuid v0.6.5
[INFO] [stderr]     Checking toml v0.4.10
[INFO] [stderr]    Compiling env_logger v0.5.13
[INFO] [stderr]    Compiling git2 v0.10.2
[INFO] [stderr]     Checking tokio-io v0.1.13
[INFO] [stderr]     Checking mio v0.6.22
[INFO] [stderr]     Checking tokio-threadpool v0.1.18
[INFO] [stderr]     Checking want v0.2.0
[INFO] [stderr]     Checking rustls v0.13.1
[INFO] [stderr]     Checking pancurses v0.16.1
[INFO] [stderr]     Checking tokio-codec v0.1.2
[INFO] [stderr]     Checking tokio-fs v0.1.7
[INFO] [stderr]     Checking h2 v0.1.26
[INFO] [stderr]     Checking tokio-io-timeout v0.3.1
[INFO] [stderr]     Checking cursive v0.12.0
[INFO] [stderr]     Checking tokio-reactor v0.1.12
[INFO] [stderr]     Checking mio-uds v0.6.8
[INFO] [stderr]     Checking log4rs v0.8.3
[INFO] [stderr]     Checking tokio-tcp v0.1.4
[INFO] [stderr]     Checking tokio-udp v0.1.6
[INFO] [stderr]     Checking tokio-uds v0.2.7
[INFO] [stderr]     Checking tokio v0.1.22
[INFO] [stderr]     Checking grin_util v2.1.0
[INFO] [stderr]     Checking tokio-rustls v0.7.2
[INFO] [stderr]     Checking tokio-core v0.1.17
[INFO] [stderr]    Compiling built v0.3.2
[INFO] [stderr]     Checking grin_keychain v2.1.0
[INFO] [stderr]    Compiling grin v2.0.1-beta.1 (/opt/rustwide/workdir)
[INFO] [stderr]     Checking hyper-timeout v0.2.0
[INFO] [stderr]     Checking hyper-rustls v0.14.0
[INFO] [stderr]    Compiling croaring-sys v0.3.9
[INFO] [stderr]     Checking croaring v0.3.9
[INFO] [stderr]     Checking grin_core v2.1.0
[INFO] [stderr]     Checking grin_store v2.1.0
[INFO] [stderr]     Checking grin_chain v2.1.0
[INFO] [stderr]     Checking grin_pool v2.1.0
[INFO] [stderr]     Checking grin_p2p v2.1.0
[INFO] [stderr]     Checking grin_api v2.1.0
[INFO] [stderr]     Checking grin_servers v2.1.0
[INFO] [stderr]     Checking grin_config v2.1.0
[INFO] [stdout] error[E0432]: unresolved import `crate::servers::common::types::SyncStatus`
[INFO] [stdout]   --> src/bin/tui/status.rs:27:5
[INFO] [stdout]    |
[INFO] [stdout] 27 | use crate::servers::common::types::SyncStatus;
[INFO] [stdout]    |     ^^^^^^^^^^^^^^^^^^^^^^^^^^^^^^^^^^^^^^^^^ no `SyncStatus` in `common::types`
[INFO] [stdout] 
[INFO] [stdout] 
[INFO] [stdout] error[E0432]: unresolved import `crate::servers::common::types::SyncStatus`
[INFO] [stdout]   --> src/bin/tui/status.rs:27:5
[INFO] [stdout]    |
[INFO] [stdout] 27 | use crate::servers::common::types::SyncStatus;
[INFO] [stdout]    |     ^^^^^^^^^^^^^^^^^^^^^^^^^^^^^^^^^^^^^^^^^ no `SyncStatus` in `common::types`
[INFO] [stdout] 
[INFO] [stdout] 
[INFO] [stdout] error[E0609]: no field `head` on type `&ServerStats`
[INFO] [stdout]    --> src/bin/tui/peers.rs:169:41
[INFO] [stdout]     |
[INFO] [stdout] 169 |                 l.total_difficulty, l.height, stats.head.total_difficulty, stats.head.height
[INFO] [stdout]     |                                                     ^^^^ unknown field
[INFO] [stdout]     |
[INFO] [stdout]     = note: available fields are: `peer_count`, `chain_stats`, `header_stats`, `sync_status`, `stratum_stats` ... and 4 others
[INFO] [stdout] 
[INFO] [stdout] 
[INFO] [stdout] error[E0609]: no field `head` on type `&ServerStats`
[INFO] [stdout]    --> src/bin/tui/peers.rs:169:70
[INFO] [stdout]     |
[INFO] [stdout] 169 |                 l.total_difficulty, l.height, stats.head.total_difficulty, stats.head.height
[INFO] [stdout]     |                                                                                  ^^^^ unknown field
[INFO] [stdout]     |
[INFO] [stdout]     = note: available fields are: `peer_count`, `chain_stats`, `header_stats`, `sync_status`, `stratum_stats` ... and 4 others
[INFO] [stdout] 
[INFO] [stdout] 
[INFO] [stdout] error[E0609]: no field `head` on type `&ServerStats`
[INFO] [stdout]    --> src/bin/tui/status.rs:248:24
[INFO] [stdout]     |
[INFO] [stdout] 248 |             t.set_content(stats.head.last_block_h.to_string() + "...");
[INFO] [stdout]     |                                 ^^^^ unknown field
[INFO] [stdout]     |
[INFO] [stdout]     = note: available fields are: `peer_count`, `chain_stats`, `header_stats`, `sync_status`, `stratum_stats` ... and 4 others
[INFO] [stdout] 
[INFO] [stdout] 
[INFO] [stdout] error[E0609]: no field `head` on type `&ServerStats`
[INFO] [stdout]    --> src/bin/tui/status.rs:251:24
[INFO] [stdout]     |
[INFO] [stdout] 251 |             t.set_content(stats.head.height.to_string());
[INFO] [stdout]     |                                 ^^^^ unknown field
[INFO] [stdout]     |
[INFO] [stdout]     = note: available fields are: `peer_count`, `chain_stats`, `header_stats`, `sync_status`, `stratum_stats` ... and 4 others
[INFO] [stdout] 
[INFO] [stdout] 
[INFO] [stdout] error[E0609]: no field `head` on type `&ServerStats`
[INFO] [stdout]    --> src/bin/tui/status.rs:254:24
[INFO] [stdout]     |
[INFO] [stdout] 254 |             t.set_content(stats.head.total_difficulty.to_string());
[INFO] [stdout]     |                                 ^^^^ unknown field
[INFO] [stdout]     |
[INFO] [stdout]     = note: available fields are: `peer_count`, `chain_stats`, `header_stats`, `sync_status`, `stratum_stats` ... and 4 others
[INFO] [stdout] 
[INFO] [stdout] 
[INFO] [stdout] error[E0609]: no field `header_head` on type `&ServerStats`
[INFO] [stdout]    --> src/bin/tui/status.rs:257:24
[INFO] [stdout]     |
[INFO] [stdout] 257 |             t.set_content(stats.header_head.last_block_h.to_string() + "...");
[INFO] [stdout]     |                                 ^^^^^^^^^^^ unknown field
[INFO] [stdout]     |
[INFO] [stdout]     = note: available fields are: `peer_count`, `chain_stats`, `header_stats`, `sync_status`, `stratum_stats` ... and 4 others
[INFO] [stdout] 
[INFO] [stdout] 
[INFO] [stdout] error[E0609]: no field `header_head` on type `&ServerStats`
[INFO] [stdout]    --> src/bin/tui/status.rs:260:24
[INFO] [stdout]     |
[INFO] [stdout] 260 |             t.set_content(stats.header_head.height.to_string());
[INFO] [stdout]     |                                 ^^^^^^^^^^^ unknown field
[INFO] [stdout]     |
[INFO] [stdout]     = note: available fields are: `peer_count`, `chain_stats`, `header_stats`, `sync_status`, `stratum_stats` ... and 4 others
[INFO] [stdout] 
[INFO] [stdout] 
[INFO] [stdout] error[E0609]: no field `header_head` on type `&ServerStats`
[INFO] [stdout]    --> src/bin/tui/status.rs:263:24
[INFO] [stdout]     |
[INFO] [stdout] 263 |             t.set_content(stats.header_head.total_difficulty.to_string());
[INFO] [stdout]     |                                 ^^^^^^^^^^^ unknown field
[INFO] [stdout]     |
[INFO] [stdout]     = note: available fields are: `peer_count`, `chain_stats`, `header_stats`, `sync_status`, `stratum_stats` ... and 4 others
[INFO] [stdout] 
[INFO] [stdout] 
[INFO] [stdout] error[E0609]: no field `head` on type `&ServerStats`
[INFO] [stdout]    --> src/bin/tui/peers.rs:169:41
[INFO] [stdout]     |
[INFO] [stdout] 169 |                 l.total_difficulty, l.height, stats.head.total_difficulty, stats.head.height
[INFO] [stdout]     |                                                     ^^^^ unknown field
[INFO] [stdout]     |
[INFO] [stdout]     = note: available fields are: `peer_count`, `chain_stats`, `header_stats`, `sync_status`, `stratum_stats` ... and 4 others
[INFO] [stdout] 
[INFO] [stdout] 
[INFO] [stdout] error[E0609]: no field `head` on type `&ServerStats`
[INFO] [stdout]    --> src/bin/tui/peers.rs:169:70
[INFO] [stdout]     |
[INFO] [stdout] 169 |                 l.total_difficulty, l.height, stats.head.total_difficulty, stats.head.height
[INFO] [stdout]     |                                                                                  ^^^^ unknown field
[INFO] [stdout]     |
[INFO] [stdout]     = note: available fields are: `peer_count`, `chain_stats`, `header_stats`, `sync_status`, `stratum_stats` ... and 4 others
[INFO] [stdout] 
[INFO] [stdout] 
[INFO] [stdout] error[E0609]: no field `head` on type `&ServerStats`
[INFO] [stdout]    --> src/bin/tui/status.rs:248:24
[INFO] [stdout]     |
[INFO] [stdout] 248 |             t.set_content(stats.head.last_block_h.to_string() + "...");
[INFO] [stdout]     |                                 ^^^^ unknown field
[INFO] [stdout]     |
[INFO] [stdout]     = note: available fields are: `peer_count`, `chain_stats`, `header_stats`, `sync_status`, `stratum_stats` ... and 4 others
[INFO] [stdout] 
[INFO] [stdout] 
[INFO] [stdout] error[E0609]: no field `head` on type `&ServerStats`
[INFO] [stdout]    --> src/bin/tui/status.rs:251:24
[INFO] [stdout]     |
[INFO] [stdout] 251 |             t.set_content(stats.head.height.to_string());
[INFO] [stdout]     |                                 ^^^^ unknown field
[INFO] [stdout]     |
[INFO] [stdout]     = note: available fields are: `peer_count`, `chain_stats`, `header_stats`, `sync_status`, `stratum_stats` ... and 4 others
[INFO] [stdout] 
[INFO] [stdout] 
[INFO] [stdout] error[E0609]: no field `head` on type `&ServerStats`
[INFO] [stdout]    --> src/bin/tui/status.rs:254:24
[INFO] [stdout]     |
[INFO] [stdout] 254 |             t.set_content(stats.head.total_difficulty.to_string());
[INFO] [stdout]     |                                 ^^^^ unknown field
[INFO] [stdout]     |
[INFO] [stdout]     = note: available fields are: `peer_count`, `chain_stats`, `header_stats`, `sync_status`, `stratum_stats` ... and 4 others
[INFO] [stdout] 
[INFO] [stdout] 
[INFO] [stdout] error[E0609]: no field `header_head` on type `&ServerStats`
[INFO] [stdout]    --> src/bin/tui/status.rs:257:24
[INFO] [stdout]     |
[INFO] [stdout] 257 |             t.set_content(stats.header_head.last_block_h.to_string() + "...");
[INFO] [stdout]     |                                 ^^^^^^^^^^^ unknown field
[INFO] [stdout]     |
[INFO] [stdout]     = note: available fields are: `peer_count`, `chain_stats`, `header_stats`, `sync_status`, `stratum_stats` ... and 4 others
[INFO] [stdout] 
[INFO] [stdout] 
[INFO] [stdout] error[E0609]: no field `header_head` on type `&ServerStats`
[INFO] [stdout]    --> src/bin/tui/status.rs:260:24
[INFO] [stdout]     |
[INFO] [stdout] 260 |             t.set_content(stats.header_head.height.to_string());
[INFO] [stdout]     |                                 ^^^^^^^^^^^ unknown field
[INFO] [stdout]     |
[INFO] [stdout]     = note: available fields are: `peer_count`, `chain_stats`, `header_stats`, `sync_status`, `stratum_stats` ... and 4 others
[INFO] [stdout] 
[INFO] [stdout] 
[INFO] [stdout] error[E0609]: no field `header_head` on type `&ServerStats`
[INFO] [stdout]    --> src/bin/tui/status.rs:263:24
[INFO] [stdout]     |
[INFO] [stdout] 263 |             t.set_content(stats.header_head.total_difficulty.to_string());
[INFO] [stdout]     |                                 ^^^^^^^^^^^ unknown field
[INFO] [stdout]     |
[INFO] [stdout]     = note: available fields are: `peer_count`, `chain_stats`, `header_stats`, `sync_status`, `stratum_stats` ... and 4 others
[INFO] [stdout] 
[INFO] [stdout] 
[INFO] [stdout] error: aborting due to 9 previous errors
[INFO] [stdout] 
[INFO] [stdout] 
[INFO] [stdout] Some errors have detailed explanations: E0432, E0609.
[INFO] [stdout] 
[INFO] [stdout] For more information about an error, try `rustc --explain E0432`.
[INFO] [stdout] 
[INFO] [stderr] error: could not compile `grin`.
[INFO] [stderr] 
[INFO] [stderr] To learn more, run the command again with --verbose.
[INFO] [stderr] warning: build failed, waiting for other jobs to finish...
[INFO] [stdout] error: aborting due to 9 previous errors
[INFO] [stdout] 
[INFO] [stdout] 
[INFO] [stdout] Some errors have detailed explanations: E0432, E0609.
[INFO] [stdout] 
[INFO] [stdout] For more information about an error, try `rustc --explain E0432`.
[INFO] [stdout] 
[INFO] [stderr] error: build failed
[INFO] running `Command { std: "docker" "inspect" "ad7593d6cb034ddc990b76095371fce52f96d00fbe710d1c03631586d638d3a0", kill_on_drop: false }`
[INFO] running `Command { std: "docker" "rm" "-f" "ad7593d6cb034ddc990b76095371fce52f96d00fbe710d1c03631586d638d3a0", kill_on_drop: false }`
[INFO] [stdout] ad7593d6cb034ddc990b76095371fce52f96d00fbe710d1c03631586d638d3a0
